 when 9601 is divided by 4713?
175
Calculate the remainder when 13858 is divided by 3170.
1178
What is the remainder when 153738 is divided by 21?
18
What is the remainder when 3401 is divided by 110?
101
What is the remainder when 20851 is divided by 908?
875
What is the remainder when 6079 is divided by 2897?
285
What is the remainder when 219629 is divided by 424?
421
Calculate the remainder when 1090240 is divided by 39.
34
Calculate the remainder when 1969 is divided by 117.
97
Calculate the remainder when 9867 is divided by 55.
22
Calculate the remainder when 11615 is divided by 1382.
559
What is the remainder when 2827 is divided by 695?
47
Calculate the remainder when 77582 is divided by 5172.
2
Calculate the remainder when 31165 is divided by 16.
13
What is the remainder when 54403 is divided by 27195?
13
Calculate the remainder when 47017 is divided by 7826.
61
Calculate the remainder when 46512 is divided by 2584.
0
Calculate the remainder when 6293 is divided by 116.
29
What is the remainder when 2927287 is divided by 182?
181
Calculate the remainder when 60168 is divided by 127.
97
Calculate the remainder when 34285 is divided by 58.
7
What is the remainder when 3395719 is divided by 12?
7
What is the remainder when 19587 is divided by 19?
17
What is the remainder when 3744 is divided by 1228?
60
Calculate the remainder when 21544 is divided by 7146.
106
What is the remainder when 558134 is divided by 186041?
11
Calculate the remainder when 1673 is divided by 1499.
174
What is the remainder when 3830 is divided by 156?
86
Calculate the remainder when 1269 is divided by 1186.
83
Calculate the remainder when 44288 is divided by 5.
3
What is the remainder when 12472 is divided by 133?
103
Calculate the remainder when 1536732 is divided by 219532.
8
Calculate the remainder when 216880 is divided by 6996.
4
Calculate the remainder when 1165689 is divided by 1165687.
2
Calculate the remainder when 27124 is divided by 9033.
25
Calculate the remainder when 732 is divided by 340.
52
What is the remainder when 75325 is divided by 1214?
57
Calculate the remainder when 1561 is divided by 225.
211
What is the remainder when 6246 is divided by 367?
7
Calculate the remainder when 797 is divided by 397.
3
What is the remainder when 50558 is divided by 85?
68
Calculate the remainder when 1144 is divided by 206.
114
Calculate the remainder when 8830 is divided by 239.
226
What is the remainder when 35049 is divided by 79?
52
What is the remainder when 426595 is divided by 300?
295
What is the remainder when 2079019 is divided by 527?
4
What is the remainder when 454151 is divided by 381?
380
Calculate the remainder when 3994 is divided by 10.
4
What is the remainder when 38569 is divided by 383?
269
Calculate the remainder when 16544 is divided by 164.
144
Calculate the remainder when 478638 is divided by 32.
14
Calculate the remainder when 814812 is divided by 847.
845
What is the remainder when 2734 is divided by 674?
38
What is the remainder when 1472353 is divided by 15?
13
What is the remainder when 56515 is divided by 249?
241
Calculate the remainder when 934832 is divided by 96.
80
Calculate the remainder when 33796 is divided by 2816.
4
Calculate the remainder when 29279 is divided by 29246.
33
What is the remainder when 77883 is divided by 147?
120
What is the remainder when 21665 is divided by 289?
279
What is the remainder when 13615 is divided by 49?
42
What is the remainder when 182058 is divided by 91016?
26
Calculate the remainder when 24452 is divided by 61.
52
What is the remainder when 37001 is divided by 23?
17
Calculate the remainder when 14423 is divided by 2036.
171
Calculate the remainder when 1929 is divided by 637.
18
Calculate the remainder when 99627 is divided by 24904.
11
Calculate the remainder when 1861 is divided by 288.
133
Calculate the remainder when 68334 is divided by 7592.
6
Calculate the remainder when 1702 is divided by 315.
127
Calculate the remainder when 27881 is divided by 404.
5
Calculate the remainder when 3804 is divided by 289.
47
Calculate the remainder when 3508 is divided by 1744.
20
Calculate the remainder when 8803 is divided by 85.
48
Calculate the remainder when 246166 is divided by 973.
970
Calculate the remainder when 12169 is divided by 3028.
57
Calculate the remainder when 2999679 is divided by 80.
79
Calculate the remainder when 34296 is divided by 134.
126
Calculate the remainder when 27154 is divided by 13562.
30
What is the remainder when 1088 is divided by 352?
32
Calculate the remainder when 7810 is divided by 969.
58
What is the remainder when 28803 is divided by 125?
53
What is the remainder when 9864 is divided by 3265?
69
What is the remainder when 1950 is divided by 1819?
131
What is the remainder when 23735 is divided by 83?
80
Calculate the remainder when 5238 is divided by 13.
12
What is the remainder when 689477 is divided by 69?
29
Calculate the remainder when 8288 is divided by 2751.
35
What is the remainder when 2032 is divided by 961?
110
Calculate the remainder when 7207 is divided by 25.
7
What is the remainder when 3201 is divided by 401?
394
Calculate the remainder when 16648 is divided by 315.
268
Calculate the remainder when 19399 is divided by 223.
221
Calculate the remainder when 28954 is divided by 1630.
1244
Calculate the remainder when 1503041 is divided by 214719.
8
What is the remainder when 2846 is divided by 920?
86
Calculate the remainder when 19792 is divided by 1296.
352
What is the remainder when 29056 is divided by 12?
4
What is the remainder when 4554 is divided by 228?
222
Calculate the remainder when 199869 is divided by 115.
114
Calculate the remainder when 1073 is divided by 532.
9
Calculate the remainder when 1277 is divided by 119.
87
Calculate the remainder when 48720 is divided by 5382.
282
What is the remainder when 238793 is divided by 1743?
2
Calculate the remainder when 43100 is divided by 43078.
22
Calculate the remainder when 1292 is divided by 16.
12
Calculate the remainder when 1598 is divided by 232.
206
Calculate the remainder when 3124 is divided by 104.
4
Calculate the remainder when 159 is divided by 41.
36
Calculate the remainder when 23149 is divided by 178.
9
Calculate the remainder when 1327 is divided by 3.
1
What is the remainder when 1861 is divided by 1794?
67
What is the remainder when 21961 is divided by 1987?
104
What is the remainder when 1645 is divided by 164?
5
What is the remainder when 7087 is divided by 30?
7
Calculate the remainder when 82499 is divided by 1284.
323
What is the remainder when 28790 is divided by 126?
62
What is the remainder when 17406 is divided by 17398?
8
Calculate the remainder when 187 is divided by 50.
37
What is the remainder when 5432 is divided by 160?
152
What is the remainder when 1047135 is divided by 542?
533
What is the remainder when 208207 is divided by 886?
883
What is the remainder when 17719 is divided by 26?
13
What is the remainder when 15727 is divided by 131?
7
Calculate the remainder when 281007 is divided by 182.
181
What is the remainder when 2085 is divided by 693?
6
What is the remainder when 7521 is divided by 443?
433
What is the remainder when 999 is divided by 915?
84
Calculate the remainder when 1093 is divided by 48.
37
Calculate the remainder when 10048 is divided by 46.
20
What is the remainder when 1012 is divided by 132?
88
What is the remainder when 306 is divided by 13?
7
Calculate the remainder when 9349 is divided by 92.
57
What is the remainder when 2040 is divided by 229?
208
Calculate the remainder when 13464 is divided by 147.
87
Calculate the remainder when 209159 is divided by 46.
43
What is the remainder when 7498 is divided by 12?
10
What is the remainder when 23904 is divided by 314?
40
What is the remainder when 9259 is divided by 293?
176
What is the remainder when 3717 is divided by 807?
489
What is the remainder when 2912 is divided by 230?
152
What is the remainder when 13015 is divided by 3251?
11
What is the remainder when 61849 is divided by 949?
164
What is the remainder when 124333 is divided by 66?
55
Calculate the remainder when 37117 is divided by 5299.
24
What is the remainder when 2811 is divided by 395?
46
Calculate the rema